35
What is -102 + 1 + -872 + 847 + 24?
-102
Calculate (0 - 86) + (2349 - 2309).
-46
What is 171 + -150 + (9 + -11 + 2 - 2)?
19
Calculate (-2 - -37 - -4) + (-11 - (-1 - 20)) + -6.
43
What is -43 + (47 - (0 + -22))?
26
Calculate (-4 + 4 - 6) + (2 - 2) + 3.
-3
What is the value of (44 - 0 - 1) + (-91 - -102) - 4?
50
11 - 21 - (-2 + 0 + 26 + -107 + -12)
85
Calculate 2 - (-128 + (18 - (10 + -17 + 20 + 1))).
126
(-23 - -5 - -18) + -102 + -22 + -5 + 13
-116
Evaluate -42 + (1 - (18 - 14 - 16)).
-29
What is the value of 1 - (333 + -318 + 5 + 15)?
-34
What is -44 + 4 + (1 - -5) + 23 + -27 + -8?
-46
What is the value of (-22 - (24 + -20)) + 21 + 12?
7
3 + -5 + -61 + 12 + 11
-40
Evaluate -60 + (50 - 135) - -63.
-82
What is -71 + (41 - -74) + (1 - 14)?
31
What is the value of 0 + 0 + -122 - (-186 + (-360 - -536))?
-112
What is the value of -60 + (2 - 12 - -7) + (17 - (12 - -7))?
-65
Calculate -4 - 22 - (-12 + 0 + (-3 + 6 - -7)).
-24
What is the value of -4 - ((-24 - 0) + 58) - (-3 - 3)?
-32
What is 45 - (0 + (11 - 26) + 22)?
38
What is -13 - (16 - -15) - (11 + (-4 - 2))?
-49
1 + -10 - (44 + 28 + -50)
-31
Calculate 28 - (-4 - (-122 + 76)).
-14
Evaluate 8 + (19 - 39) + (-2 - -3) - -56.
45
What is 1 - 4 - -37 - (-7057 - -7038)?
53
What is the value of -5 - (99 - 71 - 117)?
84
Evaluate -22 - (13 + 20 + 60 + 37).
-152
5 + -2 + -3 + -28 - (22 + -52 + 36)
-34
Calculate 225 + -44 + -11 - 134.
36
-8 + -22 + (11 - -13) - (4 + 3)
-13
26 - (-14 + 54 + -17)
3
(-111 - -184 - -9) + (-4 - -20)
98
0 + 40 + (-65 - 15 - 94)
-134
Calculate (3 - 2) + 9 - (284 + -199 + -24 + 1).
-52
What is 38 - ((6 - -12) + -6 + -30)?
56
Evaluate -9 - (2 + -9 - ((18 + -10 - -16) + -32)).
-10
What is the value of -159 + 136 + (52 - -6) + (-13 - 0)?
22
What is the value of 17 + -26 - -10 - (4 - (-8 + 2 + 39))?
30
-11 + -22 + (3 - (-7 - -5)) + 40 + -48
-36
What is the value of 41 - ((-1 - -9) + (33 - 63) + 24)?
39
Calculate -22 - (-7 - -5 - (65 - 49)).
-4
Calculate (2 + 13 - -19) + -33 - (-2 + 19 + 2).
-18
Calculate -10 - (27 + -61 - 8).
32
-15 - ((4 - -32) + (17 - 11 - (-10 + 4)))
-63
Calculate 37 + (48 + -32 - 61) - -30.
22
What is the value of 5 + 2 + (-53 - 7) + (23 - 4) - -1?
-33
(-3 - -23) + (346 - 335)
31
Evaluate -6 - 2 - (134 + -96).
-46
Evaluate (4 - 12) + 3 + 35 + -24 - (69 - 73).
10
Calculate (10 - 0 - (32 - (23 + -12)) - 41) + 11.
-41
What is the value of 11 + 42 + (118 - 157)?
14
What is the value of 109 + 32 + -128 + -75?
-62
What is 92 + 74 + -214 - -28?
-20
What is -36 - (-24 + 9 + -8 - -12) - (9 + 0)?
-34
Evaluate (6 - -49) + -1673 + 1658.
40
90 + -39 + -30 - (3 + 68)
-50
13 + -7 + -1 - 8 - -13 - 30
-20
-24 + (30 - (22 - (4 - -37)))
25
Evaluate 1 + 1 + 14 + (-11 - 4) + 2 - 22.
-19
(-49 - (-22 + -5)) + -1 + 5 + (-4 - 5)
-27
Evaluate 43 + 8 - (79 + -43).
15
Evaluate 3 - 39 - 3 - (22 - (1 - (-7 - 11))).
-42
What is -19 - (18 - (-22 + 87 - -9))?
37
Calculate 96 + 24 - 140 - -101.
81
Evaluate -4399 + 4369 + (-2 - (-1 - 18)).
-13
Evaluate 43 + 5 - (44 - 23) - 21.
6
What is 26 - -13 - 24 - -4?
19
What is the value of (22 - (5 - 6 - 14)) + (-1 - 7)?
29
Evaluate -54 - ((46 - 165) + 74).
-9
Calculate (21 + -16 - 10) + -36.
-41
What is the value of 2 - 16 - (-5 + (10 - 29))?
10
Evaluate (112 - 70 - 88) + (-5 - 41).
-92
1152 - 1135 - (2 - (5 + 1) - 65)
86
What is (-2 + (-1 - 5) - 1) + -13 + 32 + -8?
2
Calculate -3 + -12 - (-1 + 3 - ((50 - 1) + 8)).
40
15 + ((-87 - -100) + (2 - 15) - 24)
-9
What is -4 + (8 - 17) + -5 + 3 + 13?
-2
What is (13 - (-13 - -12 - -12)) + (9 - -1)?
12
10 + -1 + -10 + -37 + 26 + 41
29
(-1 - -7) + 22 + -34 + -4
-10
What is the value of -2 + (-7 - 0) + 36 - 0?
27
(-46 - (-94 - -60)) + (11 + -24 - (1 + -1))
-25
Evaluate 0 - (34 + -30) - ((-3 - 19 - -5) + 0).
13
What is 89 + ((-87 - -75) + 26 + -2 + -23 - -13)?
91
Calculate 0 + (-12 + -19 - (-13 - -23)).
-41
Evaluate 46 - (-30 + 70 + -15).
21
What is the value of (1 - -20) + (109 - (19 + 41 + -28))?
98
Evaluate (-27 - (20 - 47)) + -61 + 10.
-51
(2 - -27) + 42 + -46 + 6
31
What is the value of (2 - (5 + 3 + -3)) + -337 + 329?
-11
Calculate 6 - ((-87 - -99) + 8 + 0 + -10 + -1).
-3
What is the value of -1 + -44 - (-110 + 30 - -70)?
-35
Calculate 862 + -861 - (0 + -1 - (-2 - -13)) - 5.
8
Evaluate 4 - 85 - ((4 - 9) + 36 + -16).
-96
Evaluate -6 - (-13 - -7) - 14 - (3 - 9).
-8
-79 - (-95 - (-98 - -68))
-14
What is 13 - (43 - (39 - 19)) - 3?
-13
-64 + 85 - (10 + (77 - 13 - -9))
-62
Calculate 4 + -10 + -46 - (1 + -4 + -4).
-45
Evaluate 1 - -1 - -3 - (-60 + 93 - 38).
10
(0 + -10 - (-5 + 22 - 18)) + 4 - -5
0
What is the value of (-107 - 5) + 137 - 36?
-11
90 - (20 + -54) - 81
43
Evaluate -29 + 20 + 5 + (7 + 33 - 14).
22
Evaluate ((0 - 40) + (19 - 15) - (56 - 61)) + 6.
-25
What is the value of -3 - 145 - (727 + -752) - -32?
-91
Evaluate 8 + (0 - 13 - (100 - 96)) + -11.
-20
Calculate 1 - 56 - (5 - 3) - (-88 + -3 + 84).
-50
18 + 4 + -5 + -99 - 24
-106
Calculate (-12 - 0) + 80 + 34 + -55 + -6.
41
1 - 1 - -4 - (25 - (55 - 18) - -56)
-40
17 - (-18 + (17 - (25 + 2)))
45
What is the value of 8 - (-6 + (-8 + 26 - 6)) - 14?
-12
What is -10 + (14 - ((-21 - 12) + 2) - (6 - 11))?
40
Calculate 15 + -14 + (10 - (5 + -5) - -11).
22
What is (51 - 25) + -103 + 52 + 28?
3
Evaluate -1 + 16 + (-106 - (-4 - (-7 + 32)) - -27).
-35
Evaluate (-4 - 36) + -7 - (-12 + 15 + 7 + -18).
-39
Calculate 0 + (-9 + -9 - -14) + -20.
-24
What is the value of -1 + -65 - (238 + -281)?
-23
Evaluate 6 + (-13 - -12 - -99) + -4 + (18 - 12).
106
-11 - (-32 + -22 + 61)
-18
Calculate -27 - (-35 + (22 - 19) + -100).
105
Evaluate -26 + 16 + 8 + -18 + -11.
-31
Calculate 19 + (-20 - -14) + -1 + 34 + 3 + -1.
48
Evaluate -17 + 5 + 9 + 16 + -19.
-6
Evaluate 5 - (2 - 5) - (-222 + 251).
-21
Calculate (56 - 109) + (-30 - -39).
-44
3 + (-1 - 2 - (-13 + -4 + (-13 - -22)))
8
Calculate (-3 - -94 - 39) + -35.
17
What is -8 + (87 - 112 - (-5 - -2))?
-30
6 + 2 + (-1 - 0) + -21 + 47 + -4
29
Evaluate 46 + -53 + -7 + (-1 + 89 - 2).
72
What is the value of (8 - (24 + -6) - -51 - 4) + -10?
27
Calculate 128 + (-6 - -15 - 23 - -13) - (-10 + 0).
137
What is -125 - (-64 + 128 + -179)?
-10
Calculate 13 - (4 + -3 + -7 + (-141 - -40)).
120
What is -14 + (25 - (46 + -54))?
19
Calculate 8 - (2 - 3 - -4 - ((-29 - -5) + 37)).
18
What is the value of (10 + 34 - 55) + (3 - -80)?
72
What is -41 - ((2 - -8) + (-27 - -27))?
-51
Calculate (-31 + 50 - (-6 + 20)) + 5 + (-57 - 5).
-52
What is 1864 + -1849 - (-3 + -8 + (-2 - 1) + 1)?
28
3 + 5 + -43 - ((-6 - -2) + (-69 - -86))
-48
(-18 - (-22 + (19 - (-2 - -9)))) + -9
-17
Evaluate (53 - (93 + -47)) + 9 + 36.
52
What is -122 + -735 + 722 + 41 + 1?
-93
What is the value of -10 + (-71 + -18 - -110)?
11
Calculate (-34 - -45) + 12 - (-2 + -20).
45
Calculate 0 + -37 - (-599 - -586).
-24
Calculate -6 + 55 - (-98 - -52).
95
-6552 + 6574 + -15 + (-2 - -1 - -2)
8
What is 63 - (-36 - (43 + -14 + -6 - 38))?
84
9 + 7 + -19 + 24 + 8
29
What is the value of 8 - (31 + -10 + 7 + -8 + 1)?
-13
Calculate -4 - ((-13 + 60 - -3) + -8).
-46
(14 - -2 - (-826 + 912)) + 34
-36
What is the value of 23 - (-5 + 13 - (17 - 6 - -8))?
34
What is the value of (-28 - -89 - 108) + 149?
102
48 + -4 + (173 - 278)
-61
What is -82 + ((-6 - -20) + -8 - (-24 - -44))?
-96
Calculate (32 - 0) + -1 - (38 + 18 + -35 + -31).
41
Evaluate -26 - (24 + -50) - 43 - -78.
35
Calculate -57 + (21 - (41 - 33)) - (-14 - -1).
-31
What is the value of -3 - (-4 - (0 - 3)) - (-9 + (-13 - -66))?
-46
What is the value of -69 + -2 + 64 + (10 - -1)?
4
What is -2 + -30 - (20 - (37 + -18))?
-33
Calculate 21 - 7 - (-43 + 21 + 11).
25
Evaluate -8 + 51 - (33 + (41 - 81) - (1 - 4)).
47
(133 - 133) + 0 + -38
-38
What is -13 - (20 - ((21 - 10) + 69))?
47
What is 6 - (-4 + 63) - (12 - (15 + -9 + -1))?
-60
What is (-21 - (-3 - 13)) + -69 + -8 + (-9 - -10)?
-81
What is (-9 - -1) + (81 - 92) + (-20 - -25) - 90?
-104
Evaluate -1 + 10 - ((58 - (2 + 1)) + (526 - 532)).
-40
What is 0 + (13 - (-1 - 0)) + (528 - 674)?
-132
What is the value of -142 - ((-70 - 17) + 27)?
-82
What is the value of -150 + (97 - -10) + 79?
36
What is -28 + (91 - 97) + (8 - -2)?
-24
What is the value of 5 - 46 - (32 + -5 + -19)?
-49
What is -108 + 56 + -2 + 105?
51
What is -36 + 27 - ((-9 - -1) + (-48 - -40))?
7
13105 + -13117 - (-71 - ((-1 - -2) + 1 - 4))
57
Calculate -57 